{"id":1236,"date":"2019-05-02T02:07:20","date_gmt":"2019-05-02T02:07:20","guid":{"rendered":"https:\/\/oriozen.fr\/?page_id=1236"},"modified":"2019-07-18T12:40:53","modified_gmt":"2019-07-18T12:40:53","slug":"conditions-generales-de-vente-cgv","status":"publish","type":"page","link":"https:\/\/oriozen.fr\/?page_id=1236","title":{"rendered":"CONDITIONS G\u00c9N\u00c9RALES DE VENTE (CGV)"},"content":{"rendered":"<p>[vc_row][vc_column][vc_column_text]<\/p>\n<h4>Article 1: Champ d\u2019application et parties au contrat<\/h4>\n<ol start=\"1\" type=\"1\">\n<li>Les pr\u00e9sentes Conditions G\u00e9n\u00e9rales de Vente (CGV) couvrent l\u2019ensemble des contrats conclus entre vous, en tant que consommateur, et nous, en tant qu\u2019exploitants de la Boutique en Ligne ORIOZEN. En passant commande sur notre boutique en ligne, vous reconnaissez accepter la version de nos CGV en vigueur au moment de la passation de votre commande.<\/li>\n<li>L\u2019exploitant de la boutique en ligne, avec lequel vous concluez les contrats relatifs \u00e0 toute commande, est :\n<p class=\"adressText\"><strong>Oriozen<\/strong><br \/>\n<strong>58 rue jean baptiste baudin<\/strong><br \/>\n<strong>94800 villejuif<\/strong><br \/>\n<strong>France<br \/>\nSIREN 445 335 672<br \/>\nSIRET (siege) 44533567200017<\/strong><\/p>\n<p>La gamme de produits propos\u00e9e par notre boutique en ligne est exclusivement destin\u00e9e aux consommateurs r\u00e9sidant habituellement en France m\u00e9tropolitaine, y compris Corse et Monaco qui sont en mesure d\u2019indiquer une adresse de livraison situ\u00e9e en France m\u00e9tropolitaine, y compris Corse et Monaco. Un consommateur est r\u00e9put\u00e9 \u00eatre toute personne physique prenant part \u00e0 une transaction l\u00e9gale \u00e0 des fins ne pouvant \u00eatre principalement imput\u00e9es \u00e0 son activit\u00e9 professionnelle, commerciale ou lib\u00e9rale.<\/li>\n<\/ol>\n<p>[\/vc_column_text][vc_empty_space][\/vc_column][\/vc_row][vc_row][vc_column][vc_column_text]<\/p>\n<h4>Article 2: Conclusion du contrat<\/h4>\n<ol start=\"1\" type=\"1\">\n<li>Le fait que nous exposions les produits sur notre Boutique en Ligne ne signifie pas que nous faisons une offre de vente ferme. C\u2019est \u00e0 vous qu\u2019il incombe d\u2019initier la commande en cliquant sur le bouton \u201cAJOUTER AU PANIER&#8221; et\/ou en passant votre commande par t\u00e9l\u00e9phone.<\/li>\n<li>Nous accusons ensuite r\u00e9ception de votre commande par l\u2019envoi automatique d\u2019un courrier \u00e9lectronique, qui ne constitue pas une acceptation de la commande (confirmation de commande). Notre acceptation de la commande interviendra par courrier \u00e9lectronique s\u00e9par\u00e9, lequel vous sera envoy\u00e9 d\u00e8s que les produits command\u00e9s quittent notre entrep\u00f4t (confirmation d\u2019exp\u00e9dition) ou, au plus tard, lors de leur livraison. Ceci s\u2019applique \u00e9galement si vous avez pay\u00e9 le prix de la commande, ou si vous avez \u00e9t\u00e9 autoris\u00e9 \u00e0 le payer, avant l\u2019acceptation de votre commande en raison du moyen de paiement que vous avez choisi. Dans ce cas, si nous ne sommes exceptionnellement pas en mesure d\u2019accepter votre commande du fait de l\u2019indisponibilit\u00e9 des produits command\u00e9s ou si le contrat ne se concr\u00e9tise pas pour d\u2019autres raisons, nous vous rembourserons bien entendu les montants pr\u00e9pay\u00e9s.<\/li>\n<li>Si votre commande comprend plusieurs produits diff\u00e9rents, le contrat ne sera d\u00e9finitivement conclu qu\u2019au regard des produits express\u00e9ment vis\u00e9s dans notre confirmation de commande.<\/li>\n<\/ol>\n<p>[\/vc_column_text][vc_empty_space][\/vc_column][\/vc_row][vc_row][vc_column][vc_column_text]<\/p>\n<h4>Article 3: Prix et frais compl\u00e9mentaires<\/h4>\n<ol start=\"1\" type=\"1\">\n<li>Les prix affich\u00e9s sur notre boutique en ligne incluent la TVA l\u00e9gale et toutes les autres composantes du prix. Tous les prix sont indiqu\u00e9s en euros et major\u00e9s des frais additionnels pr\u00e9cis\u00e9s ci-dessous.<\/li>\n<li>Nous livrons exclusivement vers les adresses situ\u00e9es en France.<\/li>\n<li>En cas de r\u00e9tractation sous le d\u00e9lai de 7 jours \u00e0 la commande, nous prenons en charge les frais directement li\u00e9s au retour, \u00e0 la condition que le produit n&#8217;a pas \u00e9t\u00e9 ouvert pour autant que le retour soit effectu\u00e9 depuis la France. Dans tous les autres cas, en particulier en cas de retour depuis l\u2019\u00e9tranger, les frais occasionn\u00e9s par le retour sont \u00e0 votre charge.<\/li>\n<\/ol>\n<p>[\/vc_column_text][vc_empty_space][\/vc_column][\/vc_row][vc_row][vc_column][vc_column_text]<\/p>\n<h4>Article 4: Paiement et r\u00e9serve de propri\u00e9t\u00e9<\/h4>\n<p>Vous pouvez payer le prix des commandes par carte de cr\u00e9dit (VISA ou Mastercard) ou par un service de paiement \u00e9lectronique (Carte Bleue, PayPal), selon votre choix.<\/p>\n<p>Tant que le montant de la facture des produits concern\u00e9s n\u2019aura pas \u00e9t\u00e9 pay\u00e9 en int\u00e9gralit\u00e9 (par versement du prix total de la commande incluant les frais additionnels, le cas \u00e9ch\u00e9ant), nous conserverons le droit de propri\u00e9t\u00e9 des produits livr\u00e9s.[\/vc_column_text][vc_empty_space][\/vc_column][\/vc_row][vc_row][vc_column][vc_column_text]<\/p>\n<h4>Article 5: Livraison et d\u00e9lais de livraison<\/h4>\n<ol start=\"1\" type=\"1\">\n<li>Les produits seront exp\u00e9di\u00e9s \u00e0 partir de notre si\u00e8ge social (Villejuif)<\/li>\n<li>Le d\u00e9lai de livraison sur la boutique en ligne commence \u00e0 compter de la date de notre confirmation de commande . Notre d\u00e9lai de livraison est compris entre 2-3 jours ouvr\u00e9s environ si nous n\u2019avons indiqu\u00e9 aucun d\u00e9lai de livraison particulier et\/ou si aucun d\u00e9lai de livraison diff\u00e9rent n\u2019a \u00e9t\u00e9 convenu avec vous.<\/li>\n<li>La livraison de nos colis s&#8217;effectue en France m\u00e9tropolitaine, y compris la Corse et Monaco, \u00e0 l&#8217;exclusion des DOM-TOM nous contacter pour les envoie sur les DOM-TOM. Si vous souhaitez vous faire livrer sur la Corse et sur les \u00eeles fran\u00e7aises, les d\u00e9lais de livraison peuvent se trouver allong\u00e9s d&#8217;une dur\u00e9e maximum de 5 jours.<\/li>\n<\/ol>\n<p>[\/vc_column_text][\/vc_column][\/vc_row]<\/p>\n","protected":false},"excerpt":{"rendered":"<p>[vc_row][vc_column][vc_column_text] Article 1: Champ d\u2019application et parties au contrat Les pr\u00e9sentes Conditions G\u00e9n\u00e9rales de Vente (CGV) couvrent l\u2019ensemble des contrats conclus entre vous, en tant que consommateur, et nous, en tant qu\u2019exploitants de la Boutique en Ligne ORIOZEN. En passant commande sur notre boutique en ligne, vous reconnaissez accepter la version de nos CGV en<\/p>\n","protected":false},"author":1,"featured_media":0,"parent":0,"menu_order":0,"comment_status":"closed","ping_status":"closed","template":"","meta":{"footnotes":""},"class_list":["post-1236","page","type-page","status-publish","hentry"],"_links":{"self":[{"href":"https:\/\/oriozen.fr\/index.php?rest_route=\/wp\/v2\/pages\/1236","targetHints":{"allow":["GET"]}}],"collection":[{"href":"https:\/\/oriozen.fr\/index.php?rest_route=\/wp\/v2\/pages"}],"about":[{"href":"https:\/\/oriozen.fr\/index.php?rest_route=\/wp\/v2\/types\/page"}],"author":[{"embeddable":true,"href":"https:\/\/oriozen.fr\/index.php?rest_route=\/wp\/v2\/users\/1"}],"replies":[{"embeddable":true,"href":"https:\/\/oriozen.fr\/index.php?rest_route=%2Fwp%2Fv2%2Fcomments&post=1236"}],"version-history":[{"count":12,"href":"https:\/\/oriozen.fr\/index.php?rest_route=\/wp\/v2\/pages\/1236\/revisions"}],"predecessor-version":[{"id":1441,"href":"https:\/\/oriozen.fr\/index.php?rest_route=\/wp\/v2\/pages\/1236\/revisions\/1441"}],"wp:attachment":[{"href":"https:\/\/oriozen.fr\/index.php?rest_route=%2Fwp%2Fv2%2Fmedia&parent=1236"}],"curies":[{"name":"wp","href":"https:\/\/api.w.org\/{rel}","templated":true}]}}